 o(r) = -2*r**2 + 2. Let w(i) = i**2 - 1. Let l(p) = 4*o(p) + 9*w(p). Let q be l(1). Suppose 0*b + b - 3 = q, -5*b - 762 = -3*u. Is u a prime number?
False
Suppose -3*l + 5 = -0*m - m, 3*l = 4*m + 20. Let y = 8 + m. Suppose -2*d + 213 = -2*r + y*r, -d = -r - 114. Is d composite?
False
Let b be 2/7 - 72/7. Let p be 15/b*(-12)/9. Is -1 + 3 + 755 - p composite?
True
Let v be (2/5)/((-6)/(-180)). Is ((-1941)/12 - 0)/((-3)/v) a composite number?
False
Let g(n) = -n**3 - 18*n**2 - 15*n + 37. Let a be g(-17). Suppose 20 = h - 3*s, -s - 128 = -5*h + 28. Suppose h + 61 = a*u. Is u composite?
False
Is (25 - 23)/((-2)/(-6287)) composite?
False
Let w(f) = f**3 - 12*f**2 + 11*f. Let g be w(11). Suppose 0 = -m + 2*d + 12, 2*m + 7*d - 4*d + 4 = g. Suppose -m*n - 3*c + 80 = c, -2*n + 70 = -4*c. Is n prime?
False
Suppose 0 = 3*f - t - 1412, 3*f - 4*f + 2*t = -479. Is f composite?
True
Is 5 - (-19)/((-19)/(-62454)) composite?
False
Let x(m) = 2*m**2 + 9*m + 13. Let j be x(-4). Is 3/j + (-42592)/(-33) composite?
False
Let d be (33/2)/(3/(-4)). Let o be (-1)/(-2) + d/(-4). Let w(n) = 41*n - 11. Is w(o) composite?
True
Let r(x) = -2*x + 3 + 3*x - 4*x + 32*x**2 + 2*x. Is r(-2) a prime number?
False
Suppose 0 = -5*u + 2*y - 15, 3*u = u - 3*y - 6. Is -3*u/(-27)*-669 prime?
True
Suppose 56 = -4*s + 5*t - 90, 5*t = 2*s + 78. Let l = -30 - s. Is l a composite number?
True
Suppose 9*g + 31724 = 2*m + 7*g, 5*m = 4*g + 79307. Is m prime?
True
Suppose -r + 334 + 3700 = 0. Is r prime?
False
Let p = 8 - 14. Let t(u) = -2*u - 5*u**2 - u**3 + 4*u**2 - u**2 - 2*u**2 + 3. Is t(p) composite?
True
Let b = 1502 + -564. Let l = 121 + b. Is l a prime number?
False
Let n(g) = 13*g**2 - 3*g - 13. Let w(m) = -19*m**2 + 5*m + 20. Let f(i) = -7*n(i) - 5*w(i). Let k be (-18)/10*30/9. Is f(k) composite?
True
Suppose 9 = t + r, -2*t + t - 5*r + 9 = 0. Suppose -572 = -t*v + 5*v. Is v composite?
True
Let k be 0*(2/13 - (-22)/26). Suppose -2*p - 2*p + 8 = 0. Suppose 3*w - 2876 - 691 = 3*g, k = p*w - g - 2376. Is w a prime number?
True
Let f = -115 + 206. Is f composite?
True
Let k be 0/(-2*3/(-6)). Suppose y + 15 = 5*z - 2*y, k = 5*y. Suppose -z*l - 859 = -c - c, l - 1 = 0. Is c composite?
False
Let f(y) = -731*y + 49. Suppose 8 - 12 = g. Is f(g) a prime number?
False
Let l(r) = 21*r**2 + 2*r + 3. Let g(x) = -18 - x**2 + 23 + 11*x - 5*x. Let q be g(7). Is l(q) a prime number?
True
Suppose 29*f = 4*s + 34*f - 14626, 4*s - 14644 = 4*f. Is s a prime number?
True
Let p(t) = -t**3 + 5*t**2 - t - 2. Let u = 25 - 18. Let a be p(u). Let w = 160 + a. Is w a composite number?
False
Suppose -v = 2*v - 6. Suppose 5*p - 11 = -2*d, -2*d + v*p - p - 7 = 0. Is d/(-7) - (-2712)/14 a prime number?
False
Let m(k) = -868*k - 593. Is m(-5) prime?
False
Let n = 24 + 28. Let v be 8/n - (-45)/(-39). Is 54*1 + 0 - v composite?
True
Suppose -5*x + 14529 = -166. Is x composite?
False
Let z(f) = 4*f - 49*f**2 - f**3 + 5 + 57*f**2 + 4*f**3 - 4*f**3. Is z(7) a prime number?
False
Suppose 225*m = 207*m + 181458. Is m composite?
True
Suppose -f - 1013 = -3966. Is f composite?
False
Suppose -4*x + 1701 = -s, -2*s + 0*s + 2123 = 5*x. Let z be (104/52)/((-1)/(-124)). Let a = x + z. Is a a composite number?
False
Let c = 41591 + -21114. Is c prime?
True
Let o(f) = -31 - 12 + 14 - 225*f + 62*f. Is o(-9) prime?
False
Suppose -32*c = -27*c - 25. Suppose c*p - 21 = 364. Is p prime?
False
Is (-6)/(-16) - 148247/(-88) a prime number?
False
Let i(z) = -z**3 + 5*z**2 - z + 22. Let x be i(5). Suppose -5*g + x = 4*h, -5*h - g + 10 = -2*h. Is h a prime number?
True
Let p = 1185 - 85. Let y = -662 + 125. Let n = p + y. Is n composite?
False
Suppose 6 = 7*w - 4*w. Suppose 1207 = w*i - 279. Is i a composite number?
False
Suppose -6 = -22*l + 19*l. Suppose -l*x - 6 = -4*x. Suppose -2*t - 9 - 24 = -u, 2*u = -x*t + 31. Is u prime?
True
Let x = 2 + 6. Let m be 68*x/4 + 2. Suppose -4*v = -2*v - m. Is v a prime number?
False
Suppose d + 8 = -3*d. Let o be 3/(-1) - 4/d. Is (o - 1) + 1 + 112 a prime number?
False
Suppose -2*k - 9 = 3*o, 4*k + 10 = -5*o - 5. Let x(s) = -7*s**3 - 3*s**2 + 2*s - 1. Is x(o) composite?
True
Suppose 3*v - 16 = -v + f, 2*f = 0. Suppose v*z + 518 = 6*z. Is z composite?
True
Is (-4421392)/(-272) + 2/(-17) a prime number?
False
Suppose 3*o + 15 = 0, -5*o - 1121489 = -3*h - o. Is h a prime number?
True
Let z be 4 + (-3)/(-4 - -1). Suppose -3*g = -z*g + 10. Suppose 5*l - g*v = 285, -7*v = -3*l - 2*v + 167. Is l composite?
False
Let x(a) = 3*a**2 - 2. Let w be x(1). Is 53/((-10)/(-12) - w/(-6)) prime?
True
Suppose 0 = 2*d - 7477 - 14749. Is d a composite number?
False
Let r be -4*6/(-8) + -3. Suppose 2*n = -y + 1070, -y + 2 = -r. Suppose 0*o + n = 2*o. Is o composite?
True
Let o(a) = 13*a**2 - 6*a - 4. Let r(i) = -i + 6. Let v be r(0). Let m be o(v). Suppose 5*c = 3*s - 2*s + 1083, 2*c = 3*s + m. Is c composite?
True
Is (6 + (-92)/16)*35764 a prime number?
True
Suppose -3 = 5*z + 4*b, 3*b + b + 4 = -4*z. Suppose 26 = 3*m - 1. Is m*z/6*2 prime?
True
Let h(z) = 135*z**2 + 11*z - 3. Is h(10) a composite number?
True
Suppose 2*x = -4*o - 19 + 5, -o = 4*x. Suppose v - x = 2, 167 = 2*l + 5*v. Let y = l - -261. Is y a composite number?
False
Let s = 27 + -16. Suppose -4*u - 32 = -2*b - 0*u, 0 = b - u - s. Let c(n) = 3*n**3 + 9*n**2 - 4*n + 5. Is c(b) composite?
False
Suppose 63*r = 73*r - 362510. Is r a composite number?
False
Is 26/65*6285/6 prime?
True
Suppose h = 334 + 315. Is h a composite number?
True
Let i = -28737 + 58238. Is i composite?
False
Let f be ((-4)/(-6))/((-2)/(-54)). Let v = f - 11. Let n = v + 16. Is n composite?
False
Let w(i) = i**2 - 2*i - 8. Let c be w(5). Suppose z - 1400 = -2*q, 2*z + 3491 = c*q - 2*q. Is q prime?
False
Suppose 2*f = -2*x + 14790, f - 5*x - 7389 = -3*x. Is f composite?
False
Suppose 1 = 5*x + a + 3*a, -x + 5*a + 6 = 0. Suppose 3*q + 3*m - 10 = -37, 0 = -m - x. Is 147 + q*(-1)/(-2) prime?
False
Let a = 1077 - -562. Is a composite?
True
Let t = 20 - 20. Let s be (1 - t - 1) + 1373. Suppose 5*c + 4*g - 2185 = -438, 4*c - s = 5*g. Is c prime?
True
Suppose x - 3*o - 18 = 0, -2*x - 31 = -4*x + o. Let i be 520/6*(-6)/(-4). Let t = i - x. Is t a prime number?
False
Suppose 9*x + 11 + 52 = 0. Let l(o) = -69*o + 2. Is l(x) prime?
False
Let j = 0 + 2. Suppose -3*d = j*d - 2200. Suppose -3*l + d + 49 = 0. Is l composite?
False
Suppose 1965 + 10548 = 3*f. Is f a prime number?
False
Suppose -5*o - 14331 = -5*r - 3*o, r - 2853 = -4*o. Is r - (3 + (1 - 2)) a composite number?
True
Let y(h) = -3*h - 4. Let f be y(4). Let o(d) = -d**3 - 16*d**2 - 13*d - 16. Let u be o(f). Suppose u = 3*p - 69. Is p composite?
True
Suppose -5*g + 5 = -5. Suppose 5*v + 620 = 3*q, -g*q + 5*q = -3*v + 612. Is q prime?
False
Suppose -51 = t - 805. Suppose -5*w = -21 + 586. Let j = t + w. Is j a composite number?
False
Suppose -16*d + 11*d + 62935 = 0. Is d a composite number?
True
Let s(p) = 4500*p**2 - 112*p - 593. Is s(-5) composite?
True
Is 10/10 - (1 - 879) composite?
True
Let a(c) = -3*c**2 + 10*c + 8. Let b be a(8). Suppose -2*n = -n + 253. Let i = b - n. Is i prime?
True
Let z(g) = 1. Let y(x) = -80*x + 2. Let v(q) = y(q) - 4*z(q). Let r be v(1). Let m = r + 135. Is m a prime number?
True
Suppose 2*s - 71213 = -2*s + r, -2*s - 2*r = -35604. Is s prime?
False
Let b(a) = -4*a - 11 + 4*a + 2*a**2 + 17*a**3. Is b(4) composite?
False
Let d be (-6)/15*(-1 - (1 + 3)). Suppose 3*r + d*r = 830. Is r prime?
False
Let o(h) = 616*h**2 - 3*h - 11. Is o(-2) a composite number?
False
Let t = 32 - -26. Let l = t - 5. Is l prime?
True
Let j(o) be the third derivative of -o**6/120 - o**4/4 + o**3/2 - 2*o**2. Is j(-5) a composite number?
True
Let c(v) = 5*v**3 - 9*v**2 - 5*v. Let u(f) = 9*f**3 - 9*f - 17*f**2 + 6*f**2 - 7*f**2 + 1 - 2. Let p(y) = 7*c(y) - 4*u(y). Is p(5) a composite number?
False
Let v be -770 + (-1 - (-1 + 1)). Let o = -402 - v. Suppose 5*p - o = 86. Is p a composite number?
True
Suppose 4*o - 309 - 113 = t, 2*o + 2*t = 216. Is o composite?
True
Suppose -10500 = -5*t + j, -3*j = 3*t - 5*j - 6307. Is t composite?
False
Let a(k) = k + 3. Let q be a(-4). Let j be -1 - (-72 - q)*1. Let n = -39 + j. Is n composite?
False
Suppose 161*t + 14487 = 164*t. Is t a prime number?
False
Let q = -48 - -72. Let f be 4422/q + 3/(-12). Let y 